5, 13
Let f(l) = 55*l - 86. Let n be f(21). Let b = n + -741. What are the prime factors of b?
2, 41
Let i = 622 + -447. Suppose 6*j - 6007 + i = 0. List the prime factors of j.
2, 3
Let t(i) = -10*i + 95. Let b be t(8). Let n(j) = j**3 - 13*j**2 - 17*j + 26. What are the prime factors of n(b)?
13, 17
What are the prime factors of 675/(-72) - -9 - (-1282855)/40?
13, 2467
List the prime factors of (4/(-15) - (292/(-20) + 14))*72858.
2, 12143
Let k be 5/10*(2 + 18). List the prime factors of (15/k)/((-6)/(-908)).
227
Suppose 53*g - 175*g = -76006. List the prime factors of g.
7, 89
Let d(w) = -2*w**2 - 6*w + 4. Let h be d(-9). Let q = 338 + h. Suppose 2*y - r = 231, r - 3*r + q = 2*y. List the prime factors of y.
2, 29
Suppose q = 4*h + 617, -3*q + 0*q + 3*h + 1815 = 0. Let b = q + -483. What are the prime factors of b?
2, 59
Let o(y) = -2306*y + 7934. List the prime factors of o(-19).
2, 17, 761
What are the prime factors of -21*3*9716/(-63)?
2, 7, 347
Let l(z) = 7*z - 25. Let h be l(23). Let i = h - 109. List the prime factors of i.
3
Suppose 2*o - 1521 = 82*u - 79*u, -4*u = 3*o - 2256. Suppose 9*d + o = 6480. What are the prime factors of d?
2, 3, 53
Let p = -4670 + 10711. List the prime factors of p.
7, 863
Let w(f) = 26*f + 1091. Let a be w(-40). Let l be -1 + (93 - (1 - 0)). Let n = l - a. What are the prime factors of n?
2, 5
Let t be 136/2 - (-8)/(-4). Let x = 68 - t. Suppose -2*g - 2*k + 3*k + 145 = 0, -3*k = x*g - 165. List the prime factors of g.
3, 5
Let y be ((-14)/21)/((-2)/3)*-635. Let r = 1389 + y. List the prime factors of r/5 - 4/(-20).
151
Let h be 1/(-3)*(2 - 8/4). Suppose -3*o = -h*o - 36. Suppose -g = -3*l - 8 - o, 4*l = -g + 41. List the prime factors of g.
29
Suppose -37*f = -21500 - 168643. List the prime factors of f.
3, 571
Suppose -4*c + 21189 + 8750 = 5*o, c - 6 = 0. What are the prime factors of o?
31, 193
Let m(d) = -1 + 0*d + 2*d + 3. Let f be m(-2). List the prime factors of f/(-4) - 0 - 138/(-12).
2, 3
Let w = 10089 - 1510. Suppose w = -49*m + 72*m. What are the prime factors of m?
373
Let y(s) = 7*s**2 + s + 4. Let r(l) = 6*l**2 + l + 2. Let z(u) = 3*r(u) - 2*y(u). What are the prime factors of z(5)?
103
Let h(f) = 2*f + 27. Let b be h(-12). Suppose -b*q - x = -3*x - 358, 3*x - 3 = 0. Let y = q + -50. List the prime factors of y.
2, 5, 7
Suppose 28*x - 690454 + 35366 = 0. What are the prime factors of x?
2, 5849
Suppose -4*a - 5*j - 268 = 0, a - 4*j + 135 = 47. What are the prime factors of 1*621 - a/12?
3, 11, 19
List the prime factors of 25/(-6)*86760/(-80)*(-32)/(-3).
2, 5, 241
Suppose r - 4*j - 39 = -2*r, 12 = -4*j. Suppose -r*s = -0*s - 9063. What are the prime factors of s?
19, 53
Let g(q) = -q**3 - 7*q**2 - 7*q - 17. Let v(i) = i**3 + 8*i**2 + 8*i + 18. Let o(t) = 5*g(t) + 6*v(t). List the prime factors of o(-11).
2, 61
Let p = -22 + 22. Suppose -g - 61 + 57 = p. List the prime factors of (-2 - g)/((-2)/(-83)).
83
Let u be 87/(-17) + 6/51. Let f(k) = -43*k - 93. List the prime factors of f(u).
2, 61
Suppose 0*l - 2*l = 52. Let h = l - -38. List the prime factors of 2/h - (-509)/6.
5, 17
Let g = 250 + -240. Suppose -g*p + 2500 = -2230. What are the prime factors of p?
11, 43
Let n = 67 + -26. Let s = -34 + n. Suppose 3*f = s*f - 120. List the prime factors of f.
2, 3, 5
Suppose -4*y + 11 = -5*r, 24 = r + 4*y + 7. Let c be (r*-2)/(13 + -11). What are the prime factors of 0/(-3) + (275 - c)?
2, 3, 23
Let q = -860 + 582. Let g = 132 - q. List the prime factors of g.
2, 5, 41
Let f = -76 + -178. Let d = f + 533. List the prime factors of d.
3, 31
Let s be (-14)/(-63) + (-25)/(-9). Let a be (136/12)/(s/189). Suppose 3*f + 5*b - a = 0, f - 2*b = 3*f - 476. List the prime factors of f.
2, 7, 17
Suppose 3 = y, 3*d - 4*y = -5*y + 333. Suppose -116*f + 42 = -d*f. What are the prime factors of f?
7
Suppose 5*h - 3*m - 11 - 20 = 0, 7 = 3*h + 4*m. What are the prime factors of (1/(h/2))/((-2)/(-350))?
2, 5, 7
Suppose 35*t = 34*t + 3. Suppose 2*r - 152 - 365 = -t*u, 0 = r - 3*u - 272. What are the prime factors of r?
263
Let q = 21 + -21. Suppose 2*w - 3*m = m + 108, 3*m = 3. Suppose -4*f - 2*u + w + q = 0, f - 5 = -5*u. What are the prime factors of f?
3, 5
Let v be (-18 - -5) + 3*(0 + -1). Let s = v - -289. Let y = s + -148. What are the prime factors of y?
5
List the prime factors of (-48)/(-36)*33810/4.
2, 5, 7, 23
Suppose 2*f - 2*q = -0*f + 7300, -2*f + 4*q = -7310. Suppose 2*x = -3*z + 6*x + 2188, 0 = -5*z + 5*x + f. What are the prime factors of z?
2, 7, 13
Suppose -399 = o - 4*u - 2033, -3*u = -18. List the prime factors of o.
2, 829
Let g = -124 + 129. What are the prime factors of 2/g*5 + 922/2?
463
Suppose 44*z = 53*z + 9243. Let v = z + 1502. List the prime factors of v.
5, 19
Suppose 0 = -14*c + 195 - 10709. What are the prime factors of (-35 - c) + (-14)/2?
709
Let h(r) = -11*r**2 - 4*r + 32. Let n(p) = -10*p**2 - 4*p + 31. Let d(b) = 3*h(b) - 4*n(b). List the prime factors of d(7).
7
Suppose -4*v = 5828 - 20800. What are the prime factors of v?
19, 197
Suppose 18*a - 164080 = -4*q + 22*a, 4*q = 2*a + 164078. List the prime factors of q.
3, 11, 113
Let s(k) = -58*k - 708. What are the prime factors of s(-42)?
2, 3
Suppose -30*p = -23*p - 2163. Suppose 4*o - p - 3855 = 0. List the prime factors of o.
3, 347
Suppose -3*c - 2539 = -8293. Suppose -4*y + 5694 = -c. Suppose 10*p = -p + y. List the prime factors of p.
173
Suppose -19*l - 2*h + 29039 = 0, l + 2*h - 6104 = -3*l. What are the prime factors of l?
11, 139
Let p be -4 - (-9)/(-6)*-6. Suppose p*u - 4*g + 5*g - 4835 = 0, u + 4*g = 948. What are the prime factors of u?
2, 11
Let q(x) = -x**3 - x**2 - x + 1. Let j(b) = -4*b**3 + 59*b**2 - 18*b + 56. Let f(p) = j(p) - 2*q(p). List the prime factors of f(30).
2, 3, 79
Suppose 2*v = -0*v - 312. Let s be v/(-10) + 18/(-30). Let w(a) = a**2 - 7*a - 14. What are the prime factors of w(s)?
2, 53
Let v be 31 - 3/(-1) - -3. Suppose -20*f = -26*f - 36. Let d = v - f. What are the prime factors of d?
43
Let g(o) = -o + 23. Let p be g(11). Suppose -k + 5*a + 2 = p, -4*a + 32 = 4*k. Suppose -24 = 2*c + 4*t - 184, -k*t + 240 = 3*c. What are the prime factors of c?
2, 5
Let p(n) = -n + 3. Let h(w) = -w**3 - 17*w**2 - 17*w - 11. Let x be h(-16). Let f be p(x). Let i(z) = z**2 - z. List the prime factors of i(f).
2, 3
What are the prime factors of (0 - (-2)/(-16)) + (-32597005)/(-1960)?
16631
Let b be 96/28*(-3682)/4. Let y be (b/(-20))/(3/15). Let a = -540 + y. List the prime factors of a.
3, 83
Suppose -3*c + 66639 = 3*w, -3*w + 192*c - 191*c = -66611. List the prime factors of w.
2, 3, 3701
What are the prime factors of ((-753384)/40)/((-9)/15)?
31391
Suppose 7*q + 2*j + 1058 = 11*q, -5*q - 5*j = -1315. Let n = 348 - q. What are the prime factors of n?
2, 3, 7
Let j(l) = -2*l**2 - 50*l + 10. Let k be j(-27). Let d = 113 + k. List the prime factors of (-1528)/(-6) + (70/d)/(-7).
2, 127
Suppose -3*b + 6 = -15. Suppose 12 = -4*s + b*s. Suppose -2*v - g + 111 = -2*g, s*g = 2*v - 102. List the prime factors of v.
3, 19
Suppose 0 = -647*o + 664*o - 569993. List the prime factors of o.
33529
List the prime factors of (953*(4 + 16))/(0 + 0 + 2).
2, 5, 953
Let b(s) = 442*s**2 + 42*s + 70. What are the prime factors of b(-12)?
2, 31607
Let f(o) = o**2 + 4*o - 123. Let i be (-12)/(1 + -5)*(-26)/(-3). What are the prime factors of f(i)?
3, 73
Suppose 265*w = 133*w + 137*w - 63400. List the prime factors of w.
2, 5, 317
Let p(j) = 30*j**2 + 2*j + 6. Suppose -2*g - 2*g - 4*x = -36, 2*x = 2*g + 2. Let y be p(g). Let f = -286 + y. What are the prime factors of f?
2, 13
Let a be (-64512)/90*170/(-4). Suppose -19*f - 15*f + a = 0. What are the prime factors of f?
2, 7
Let b(i) = -i**3 + 31*i**2 + 2*i - 55. Let c be b(31). List the prime factors of 2/7 + (14 - (-3757)/c).
19, 29
Let h(a) = 369*a**2 - 52*a - 87. What are the prime factors of h(-11)?
2, 22567
Let w(b) = -3*b**3 + 55*b**2 - 17*b - 40. Let r be w(18). What are the prime factors of (844920/66)/12 - 4/r?
11, 97
Let s be 2 + 25/(-5)*-1. Let y be (-2)/((s/(-14))/((-234)/(-8))). Let r = 131 + y. What are the prime factors of r?
2, 31
Suppose -19 = -4*y + j, -y = -j - 2 - 2. Suppose -2*t + 594 = 4*o, 587 = 2*t - y*o + 2*o. What are the prime factors of t?
5, 59
Suppose 10*y -